{"id":792,"date":"2022-08-11T15:03:52","date_gmt":"2022-08-11T18:03:52","guid":{"rendered":"https:\/\/ifmaker.gravatai.ifsul.edu.br\/?page_id=792"},"modified":"2022-08-11T15:05:40","modified_gmt":"2022-08-11T18:05:40","slug":"projeto-de-extensao-mulheres-protagonistas","status":"publish","type":"page","link":"https:\/\/ifmaker.gravatai.ifsul.edu.br\/?page_id=792","title":{"rendered":"Projeto de Extens\u00e3o Mulheres Protagonistas"},"content":{"rendered":"\n<h2 class=\"wp-block-heading\">Projeto de Extens\u00e3o Mulheres Protagonistas<\/h2>\n\n\n\n<p class=\"has-medium-font-size\">Este projeto tem como objetivo valorizar as produ\u00e7\u00f5es cient\u00edficas e culturais de autoria feminina a partir de a\u00e7\u00f5es que fomentem o interc\u00e2mbio entre a comunidade acad\u00eamica do IFSul C\u00e2mpus Gravata\u00ed e a comunidade externa local. Para tanto, ser\u00e3o realizadas atividades (oficinas, palestras, aulas pr\u00e1ticas, rodas de leitura e sarau liter\u00e1rio) nas \u00e1reas de artes, biologia, qu\u00edmica, literatura e inform\u00e1tica com estudantes do c\u00e2mpus e de escolas de ensino m\u00e9dio e fundamental de Gravata\u00ed. Parte das a\u00e7\u00f5es acontecer\u00e1 em parceria com o Projeto Enigma (@enigmaprojeto), o Projeto MUVIN (Museu da Inform\u00e1tica) e com o nosso <a href=\"http:\/\/ifmaker.gravatai.ifsul.edu.br\" data-type=\"URL\" data-id=\"ifmaker.gravatai.ifsul.edu.br\">Laborat\u00f3rio de Prototipagem &#8211; IFmaker<\/a>.<\/p>\n\n\n\n<p><\/p>\n\n\n\n<p class=\"has-medium-font-size\"><strong>Per\u00edodo da A\u00e7\u00e3o:<\/strong> julho a dezembro de 2022<\/p>\n\n\n\n<p class=\"has-medium-font-size\"><strong>Coordenadores:<\/strong> \u00cdtalo Franco Costa e Bianca Deon Rossato<\/p>\n\n\n\n<p class=\"has-medium-font-size\"><strong>Bolsistas:<\/strong> Luiza Victoria de Vargas Carvalho e Amandah Andrade Silva<\/p>\n\n\n\n<p class=\"has-medium-font-size\"><strong>Contatos:<\/strong>&nbsp; <a href=\"mailto:pemulheresprotagonistas@gmail.com\">pemulheresprotagonistas@gmail.com<\/a>&nbsp; @pemulheresprotagonistas<\/p>\n","protected":false},"excerpt":{"rendered":"<p>Projeto de Extens\u00e3o Mulheres Protagonistas Este projeto tem como objetivo valorizar as produ\u00e7\u00f5es cient\u00edficas e culturais de autoria feminina a partir de a\u00e7\u00f5es que fomentem o interc\u00e2mbio entre a comunidade acad\u00eamica do IFSul C\u00e2mpus Gravata\u00ed e a comunidade externa local. Para tanto, ser\u00e3o realizadas atividades (oficinas, palestras, aulas pr\u00e1ticas, rodas de leitura e sarau liter\u00e1rio) [&hellip;]<\/p>\n","protected":false},"author":2,"featured_media":0,"parent":0,"menu_order":0,"comment_status":"closed","ping_status":"closed","template":"templates\/template-page-full-width.php","meta":{"footnotes":""},"class_list":["post-792","page","type-page","status-publish","hentry"],"_links":{"self":[{"href":"https:\/\/ifmaker.gravatai.ifsul.edu.br\/index.php?rest_route=\/wp\/v2\/pages\/792","targetHints":{"allow":["GET"]}}],"collection":[{"href":"https:\/\/ifmaker.gravatai.ifsul.edu.br\/index.php?rest_route=\/wp\/v2\/pages"}],"about":[{"href":"https:\/\/ifmaker.gravatai.ifsul.edu.br\/index.php?rest_route=\/wp\/v2\/types\/page"}],"author":[{"embeddable":true,"href":"https:\/\/ifmaker.gravatai.ifsul.edu.br\/index.php?rest_route=\/wp\/v2\/users\/2"}],"replies":[{"embeddable":true,"href":"https:\/\/ifmaker.gravatai.ifsul.edu.br\/index.php?rest_route=%2Fwp%2Fv2%2Fcomments&post=792"}],"version-history":[{"count":2,"href":"https:\/\/ifmaker.gravatai.ifsul.edu.br\/index.php?rest_route=\/wp\/v2\/pages\/792\/revisions"}],"predecessor-version":[{"id":795,"href":"https:\/\/ifmaker.gravatai.ifsul.edu.br\/index.php?rest_route=\/wp\/v2\/pages\/792\/revisions\/795"}],"wp:attachment":[{"href":"https:\/\/ifmaker.gravatai.ifsul.edu.br\/index.php?rest_route=%2Fwp%2Fv2%2Fmedia&parent=792"}],"curies":[{"name":"wp","href":"https:\/\/api.w.org\/{rel}","templated":true}]}}