{"id":1390,"date":"2025-07-10T15:08:37","date_gmt":"2025-07-10T18:08:37","guid":{"rendered":"https:\/\/ifmaker.gravatai.ifsul.edu.br\/?page_id=1390"},"modified":"2025-07-10T15:12:51","modified_gmt":"2025-07-10T18:12:51","slug":"treino-aberto-obr-2025","status":"publish","type":"page","link":"https:\/\/ifmaker.gravatai.ifsul.edu.br\/?page_id=1390","title":{"rendered":"Eventos"},"content":{"rendered":"\n<h2 class=\"wp-block-heading\">Treino Aberto OBR 2025<\/h2>\n\n\n\n<p><strong>Sobre o evento:<\/strong><\/p>\n\n\n\n<p>O Treino Aberto \u00e9 uma oportunidade para que equipes participantes da OBR 2025 simulem os desafios da competi\u00e7\u00e3o, testem seus rob\u00f4s em pista oficial e tirem suas d\u00favidas. \u00c9 tamb\u00e9m um momento de troca de experi\u00eancias com outras escolas e prepara\u00e7\u00e3o pr\u00e1tica antes da etapa estadual.<\/p>\n\n\n\n<p>\ud83d\udcc5 <strong>Data do evento:<\/strong> 11 de agosto de 2025<br>\u23f0 <strong>Hor\u00e1rio:<\/strong> 14h<br>\ud83d\udccd <strong>Local:<\/strong> Laborat\u00f3rio IFMaker \u2013 IFSul C\u00e2mpus Gravata\u00ed<br>\ud83d\udc65 <strong>P\u00fablico-alvo:<\/strong> Equipes escolares j\u00e1 inscritas na OBR 2025, Modalidade RESGATE N1 e N2.&nbsp;<br>\ud83d\udccc <strong>Vagas limitadas \u2013 Preencha todos os campos do formul\u00e1rio e aguarde a confirma\u00e7\u00e3o da sua participa\u00e7\u00e3o no evento.<\/strong><\/p>\n\n\n\n<p class=\"has-medium-font-size\"><strong><a href=\"https:\/\/forms.gle\/JvgpFEeYATXuUd4c6\" data-type=\"link\" data-id=\"https:\/\/forms.gle\/JvgpFEeYATXuUd4c6\">Inscreva-se aqui<\/a><\/strong><\/p>\n\n\n\n<p class=\"has-medium-font-size\"><a href=\"https:\/\/ifmaker.gravatai.ifsul.edu.br\" data-type=\"link\" data-id=\"https:\/\/ifmaker.gravatai.ifsul.edu.br\"><strong>Conhe\u00e7a o Laborat\u00f3rio de Prototipa\u00e7\u00e3o IFMaker Gravata\u00ed<\/strong><\/a><\/p>\n\n\n\n<p class=\"has-medium-font-size\"><a href=\"https:\/\/www.instagram.com\/ifmaker.gravatai\/\" data-type=\"link\" data-id=\"https:\/\/www.instagram.com\/ifmaker.gravatai\/\"><strong>Acesse as redes sociais do Laborat\u00f3rio de Prototipagem IFMaker Gravata\u00ed<\/strong><\/a><\/p>\n","protected":false},"excerpt":{"rendered":"<p>Treino Aberto OBR 2025 Sobre o evento: O Treino Aberto \u00e9 uma oportunidade para que equipes participantes da OBR 2025 simulem os desafios da competi\u00e7\u00e3o, testem seus rob\u00f4s em pista oficial e tirem suas d\u00favidas. \u00c9 tamb\u00e9m um momento de troca de experi\u00eancias com outras escolas e prepara\u00e7\u00e3o pr\u00e1tica antes da etapa estadual. \ud83d\udcc5 Data [&hellip;]<\/p>\n","protected":false},"author":2,"featured_media":0,"parent":0,"menu_order":0,"comment_status":"closed","ping_status":"closed","template":"templates\/template-page-full-width.php","meta":{"footnotes":""},"class_list":["post-1390","page","type-page","status-publish","hentry"],"_links":{"self":[{"href":"https:\/\/ifmaker.gravatai.ifsul.edu.br\/index.php?rest_route=\/wp\/v2\/pages\/1390","targetHints":{"allow":["GET"]}}],"collection":[{"href":"https:\/\/ifmaker.gravatai.ifsul.edu.br\/index.php?rest_route=\/wp\/v2\/pages"}],"about":[{"href":"https:\/\/ifmaker.gravatai.ifsul.edu.br\/index.php?rest_route=\/wp\/v2\/types\/page"}],"author":[{"embeddable":true,"href":"https:\/\/ifmaker.gravatai.ifsul.edu.br\/index.php?rest_route=\/wp\/v2\/users\/2"}],"replies":[{"embeddable":true,"href":"https:\/\/ifmaker.gravatai.ifsul.edu.br\/index.php?rest_route=%2Fwp%2Fv2%2Fcomments&post=1390"}],"version-history":[{"count":3,"href":"https:\/\/ifmaker.gravatai.ifsul.edu.br\/index.php?rest_route=\/wp\/v2\/pages\/1390\/revisions"}],"predecessor-version":[{"id":1395,"href":"https:\/\/ifmaker.gravatai.ifsul.edu.br\/index.php?rest_route=\/wp\/v2\/pages\/1390\/revisions\/1395"}],"wp:attachment":[{"href":"https:\/\/ifmaker.gravatai.ifsul.edu.br\/index.php?rest_route=%2Fwp%2Fv2%2Fmedia&parent=1390"}],"curies":[{"name":"wp","href":"https:\/\/api.w.org\/{rel}","templated":true}]}}