{"id":1113,"date":"2024-04-10T12:32:19","date_gmt":"2024-04-10T15:32:19","guid":{"rendered":"https:\/\/ifmaker.gravatai.ifsul.edu.br\/?page_id=1113"},"modified":"2024-04-10T13:44:52","modified_gmt":"2024-04-10T16:44:52","slug":"oficinas-de-robotica-instituto-cultural-e-social-agora","status":"publish","type":"page","link":"https:\/\/ifmaker.gravatai.ifsul.edu.br\/?page_id=1113","title":{"rendered":"Oficinas de Rob\u00f3tica &#8211; Instituto Cultural e Social \u00c1gora"},"content":{"rendered":"\n<h2 class=\"wp-block-heading\"><strong>Projeto de Extens\u00e3o Oficinas de Rob\u00f3tica &#8211; Instituto Cultural e Social \u00c1gora<\/strong> (2023)<\/h2>\n\n\n\n<div style=\"height:75px\" aria-hidden=\"true\" class=\"wp-block-spacer\"><\/div>\n\n\n\n<p class=\"has-medium-font-size\">O projeto de extens\u00e3o <strong>Oficinas de Rob\u00f3tica &#8211; Instituto Cultural e Social \u00c1gora<\/strong> \u00e9 uma iniciativa vinculada ao Laborat\u00f3rio de Prototipagem IFMaker &#8211; Gravata\u00ed, desenvolvida em parceria com o Instituto Cultural e Social \u00c1gora, que \u00e9 uma entidade sem fins econ\u00f4micos, sediada no munic\u00edpio de Cachoeirinha no Rio Grande do Sul. O principal objetivo do projeto de extens\u00e3o \u00e9 oferecer oficinas de rob\u00f3tica educacional para adolescentes com vulnerabilidade s\u00f3cioecon\u00f4mica que participam dos projetos sociais mantidos pelo Instituto \u00c1gora. Muitos desses jovens enfrentam contextos desafiadores, nos quais a tecnologia pode parecer distante ou inacess\u00edvel. Com um foco marcado na aprendizagem pr\u00e1tica, criativa e significativa, as oficinas ofertadas buscam aprimorar as habilidades tecnol\u00f3gicas e promover o desenvolvimento pessoal dos participantes, por meio de um ambiente de aprendizado l\u00fadico, din\u00e2mico e interativo. O projeto de extens\u00e3o n\u00e3o apenas equilibra essa equa\u00e7\u00e3o, mas tamb\u00e9m fornece uma plataforma para o desenvolvimento de habilidades tecnol\u00f3gicas, o pensamento criativo e a colabora\u00e7\u00e3o, capacitando os adolescentes para superar obst\u00e1culos. Al\u00e9m disso, o projeto incentiva a criatividade, o trabalho em equipe e a inova\u00e7\u00e3o, contribuindo para o crescimento integral dos adolescentes envolvidos. <\/p>\n\n\n\n<div style=\"height:75px\" aria-hidden=\"true\" class=\"wp-block-spacer\"><\/div>\n\n\n\n<p class=\"has-medium-font-size\"><strong>Per\u00edodo de Execu\u00e7\u00e3o: <\/strong>de outubro a dezembro de 2023<\/p>\n\n\n\n<p class=\"has-medium-font-size\"><strong>Coordenador: <\/strong>Ademir Dorneles de Dorneles<\/p>\n\n\n\n<p class=\"has-medium-font-size\"><strong>Contato: <\/strong>ademirdorneles@ifsul.edu.br<\/p>\n\n\n\n<p class=\"has-medium-font-size\"><strong>Bolsista: <\/strong>Felipe Vilanova Villa Verde<\/p>\n\n\n\n<p class=\"has-medium-font-size\"><strong>N\u00ba de Registro: <\/strong>PJ61\/05102023<\/p>\n","protected":false},"excerpt":{"rendered":"<p>Projeto de Extens\u00e3o Oficinas de Rob\u00f3tica &#8211; Instituto Cultural e Social \u00c1gora (2023) O projeto de extens\u00e3o Oficinas de Rob\u00f3tica &#8211; Instituto Cultural e Social \u00c1gora \u00e9 uma iniciativa vinculada ao Laborat\u00f3rio de Prototipagem IFMaker &#8211; Gravata\u00ed, desenvolvida em parceria com o Instituto Cultural e Social \u00c1gora, que \u00e9 uma entidade sem fins econ\u00f4micos, sediada [&hellip;]<\/p>\n","protected":false},"author":2,"featured_media":0,"parent":0,"menu_order":0,"comment_status":"closed","ping_status":"closed","template":"templates\/template-page-full-width.php","meta":{"footnotes":""},"class_list":["post-1113","page","type-page","status-publish","hentry"],"_links":{"self":[{"href":"https:\/\/ifmaker.gravatai.ifsul.edu.br\/index.php?rest_route=\/wp\/v2\/pages\/1113","targetHints":{"allow":["GET"]}}],"collection":[{"href":"https:\/\/ifmaker.gravatai.ifsul.edu.br\/index.php?rest_route=\/wp\/v2\/pages"}],"about":[{"href":"https:\/\/ifmaker.gravatai.ifsul.edu.br\/index.php?rest_route=\/wp\/v2\/types\/page"}],"author":[{"embeddable":true,"href":"https:\/\/ifmaker.gravatai.ifsul.edu.br\/index.php?rest_route=\/wp\/v2\/users\/2"}],"replies":[{"embeddable":true,"href":"https:\/\/ifmaker.gravatai.ifsul.edu.br\/index.php?rest_route=%2Fwp%2Fv2%2Fcomments&post=1113"}],"version-history":[{"count":5,"href":"https:\/\/ifmaker.gravatai.ifsul.edu.br\/index.php?rest_route=\/wp\/v2\/pages\/1113\/revisions"}],"predecessor-version":[{"id":1125,"href":"https:\/\/ifmaker.gravatai.ifsul.edu.br\/index.php?rest_route=\/wp\/v2\/pages\/1113\/revisions\/1125"}],"wp:attachment":[{"href":"https:\/\/ifmaker.gravatai.ifsul.edu.br\/index.php?rest_route=%2Fwp%2Fv2%2Fmedia&parent=1113"}],"curies":[{"name":"wp","href":"https:\/\/api.w.org\/{rel}","templated":true}]}}